e factors of k.
2, 11
Let z(q) be the third derivative of q**4/24 - q**3/6 - 2*q**2. Let s be z(1). Let j = s + 16. What are the prime factors of j?
2
Let m = -10 + 13. Suppose -8 = -2*f, 3*o + 2*o - 2*f - 2 = 0. Suppose o*p + 3*p - 25 = 0, -3*u + m*p = 3. List the prime factors of u.
2
Let h(i) = -i**2 + 6*i - 2. Let q = -36 + 61. Suppose -5*o - 3*f + q = 0, 0 - 5 = -o - 4*f. What are the prime factors of h(o)?
3
Let t be 12*(-2)/(-3)*-1. Suppose 2*z = 4*k + 32, 0 = 3*z - 4*k - 53 + 7. Let c = z + t. List the prime factors of c.
2, 3
Suppose 3*n = -5*d - 24, 0*d + n = -4*d - 15. What are the prime factors of 2/(d + (-61)/(-20))?
2, 5
List the prime factors of (-1)/((6/110)/(-3)).
5, 11
Let k(d) = 9*d**3 + d. What are the prime factors of k(2)?
2, 37
Suppose -1 = -o - 5, 0 = -5*u + 5*o + 30. Suppose u*m - 8 = -0*m. What are the prime factors of m?
2
Let g(r) = 4*r**2 + 2*r + 1. List the prime factors of g(-1).
3
Let s(b) = -b**2 + 8*b + 7. Suppose -4*m + 17 + 19 = -3*p, 0 = m + 3*p + 6. List the prime factors of s(m).
19
Suppose 4*q - 169 = -2*p - 3*p, 2*q - 5*p - 77 = 0. What are the prime factors of q?
41
Let j = 3 + -7. List the prime factors of (-1)/(1*2/j).
2
Let k(h) = h**2 - 11*h + 11. Let c be k(9). Let s = c + 10. Suppose -s*a + 34 = -0*a - 2*m, m = 4*a - 52. What are the prime factors of a?
2, 7
Suppose 5*y = -51 - 59. List the prime factors of (-40)/y - 10/(-55).
2
Let y = -28 - -19. Let b be (-18)/(-4)*6/y. List the prime factors of b/(((-3)/(-3))/(-1)).
3
Let i(w) = -w**3 - w**2 - w - 1. Let r = -2 - 1. Let o be ((-9)/12)/(r/(-12)). List the prime factors of i(o).
2, 5
Let l = -7 - -19. List the prime factors of l/2 - (-2 - -3).
5
Let q(k) = k**3 - 2*k**2 + 4*k - 2. List the prime factors of q(2).
2, 3
Let l(g) = g**3 - 6*g**2 + 3*g - 8. Let m(d) = d**3 + 4*d**2 - 3. Let h be m(-3). List the prime factors of l(h).
2, 5
Let r(c) = 5*c + 8. Let f(q) = 4*q + 9. Let a(o) = -3*f(o) + 2*r(o). Let l be 3 - (1 - -5) - 6. What are the prime factors of a(l)?
7
Suppose 0 = 3*b - 4*b + 16. List the prime factors of b.
2
Let q(x) = -25*x + 7. What are the prime factors of q(-2)?
3, 19
Let d = -72 + 105. Let t = d + -11. What are the prime factors of t?
2, 11
Let c = 0 - -4. Suppose -c*x = 210 + 350. List the prime factors of x/(-18) - (-2)/9.
2
Let o = 45 + 1. What are the prime factors of o?
2, 23
Suppose u - 2 + 1 = 0. Let p be -4*u*9/12. List the prime factors of 26/6 - p/(-9).
2
Let n = 14 + -9. Suppose 5*v + 4*l - 54 = 27, n*v + 5*l = 85. List the prime factors of v.
13
Let k(f) = -f**3 + 8*f**2 - 6*f - 2. What are the prime factors of k(6)?
2, 17
Suppose -8 = g - 5*g. Let j(h) = 3*h. What are the prime factors of j(g)?
2, 3
Let b be -13 + 11 - (1 - 0). List the prime factors of (-2 - -38)*(-2)/b.
2, 3
Suppose 14 = 2*v + 2*m, 2*v - 23 = -4*m + 1. Suppose 0 = 2*r + v, -3*r - 2 = -3*b + 7. Suppose y - 51 = -b*y. List the prime factors of y.
17
Suppose 440 = 3*s + a, 5*a - 730 = -2*s - 3*s. What are the prime factors of s?
3, 7
Let q = 4 - 4. Suppose 2*a = 3*l + 6, 0*a + a = -5*l + 3. Suppose q = a*c - n - 32, 7*n = 2*n + 5. List the prime factors of c.
11
Let m(i) = -i**2 - i. Let a(o) = -o**3 + o**2 - 3*o - 7. Let b(w) = -a(w) + 2*m(w). List the prime factors of b(3).
2, 5
Let t = 28 + -42. Let n = 17 + t. What are the prime factors of n?
3
Let a(y) = -11*y + 13 + 0*y**2 + y**2 + 0. List the prime factors of a(10).
3
Let f(w) = -20*w - 56. What are the prime factors of f(-22)?
2, 3
Let y = -1 - -3. Suppose 2*a - 2*q + q - 11 = 0, 0 = a - 2*q + y. List the prime factors of a/(1 - (0 - 0)).
2
Let s(i) = 4 - 1 + i**3 - 6*i**2 - 2*i**3 + 7*i. Let z = -5 - 2. List the prime factors of s(z).
3
Let p = 75 - 31. Let n = p + -13. List the prime factors of n.
31
Suppose -2*s - s - 15 = 0, -4*z + 2 = 2*s. Let m(u) = 3*u + 3 - 5*u + z*u. What are the prime factors of m(8)?
11
Let a(t) = -t + 15. Let w be a(13). Let j(p) = 2*p - 6. Let g be j(4). Suppose -i - g = -w*i. List the prime factors of i.
2
Suppose 15 = -0*x + 3*x. Let z = -3 + x. Suppose -z*v + 5*t + 11 = 4*t, 4*t = -3*v + 33. What are the prime factors of v?
7
Let a(y) = 5*y**2 + 13*y - 43. What are the prime factors of a(7)?
293
Let k(y) = -y**2 + 8*y + 64. What are the prime factors of k(0)?
2
Suppose 1 + 9 = 2*n. Suppose n*v = -103 - 152. Let k = v + 71. List the prime factors of k.
2, 5
Let y be (1 + -3)*3/(-3). Let a(d) = -d**2 + 3*d. Let v be a(y). List the prime factors of -1*(-7 + v/1).
5
Let k = -232 + 333. List the prime factors of k.
101
Let j(o) = -o**3 - 4*o**2 + 5*o + 7. Suppose -a - 10 = 4*a. Let w be a*(0 + 10/4). List the prime factors of j(w).
7
Let i(n) = 28*n + 98. What are the prime factors of i(8)?
2, 7, 23
Let j be 3/(-12) - 9/(-4). Suppose -j*w + w + 18 = 0. List the prime factors of w.
2, 3
Let s(g) = g**3 - 5*g**2 + 2*g - 6. Let r be s(5). Let w be 26/r + 2/4. Suppose -w = 5*l - 3*m - 40, -35 = -3*l - 2*m. What are the prime factors of l?
3
Let o be 4/10 - 13/(-5). Let r(b) = -o*b + 2*b - 1 - 1 - 1. What are the prime factors of r(-9)?
2, 3
Suppose -2*n = -3*n + 5. Suppose n*c - 16 = 3*c. List the prime factors of c.
2
Let f(u) = -2 - 1 + 2*u - u. What are the prime factors of f(8)?
5
Let j(s) = -s + 7. Let q be j(7). Suppose -5*i + 3*i + 4 = q. Suppose i*w + 4*f = 12, 4 = -w + 3*f - 0. List the prime factors of w.
2
Let v be 1*(0 - 0) + 1. List the prime factors of 5/v*72/15.
2, 3
Suppose 3*d - 27 = -2*v, 2*d + 32 = -3*v + 5*v. Let j = -11 + 13. What are the prime factors of v/12*j*2?
5
Suppose -2*t + 3*l = -13, 0*t - 3*t = -5*l - 20. Suppose 2*w = x + 21, 3*w - w - 41 = t*x. List the prime factors of w.
2
Let k = 89 + -58. Suppose -3*l + l = -48. Suppose 4*q + 4*f - 25 = k, 4*q - l = 4*f. What are the prime factors of q?
2, 5
Let u = 2 + 2. Suppose -12 = -2*y - u*d, -5*y - d + 37 = 2*d. What are the prime factors of y?
2
Let h be (2*5)/(3 + -1). Let z = 8 - h. Suppose -2*c + 0*u = z*u - 10, -5*u = 0. What are the prime factors of c?
5
Suppose 4*c - 46 = -14. Let x(k) = 3*k - 1. List the prime factors of x(c).
23
Let b(l) = l**2 - 12*l + 37. What are the prime factors of b(15)?
2, 41
Suppose -3*g = -92 + 17. Suppose 6*n = n + g. Suppose -n*u = 5*i - 19 - 51, 8 = 4*u. What are the prime factors of i?
2, 3
Suppose -4*u = -2*f - 9*u + 37, -4*u - 28 = -2*f. What are the prime factors of f?
2
Suppose -28 = -2*i + 4*f, 5*i - 37 = 4*f + 3. Let x(u) = 4*u - 13. Let j(z) = z - 3. Let l(g) = 26*j(g) - 6*x(g). What are the prime factors of l(i)?
2
Let w be 1*(0 + 2) - 0. Suppose 2*l + 3 + 1 = 0, -n + 1 = w*l. Suppose n*z + 3*d - 15 - 37 = 0, z + 2*d - 16 = 0. List the prime factors of z.
2
What are the prime factors of (2/8*-107)/(9/(-36))?
107
Let s = 62 + -34. Suppose -4*d + s = -20. What are the prime factors of d?
2, 3
Let q(j) = j**3 + 15*j**2 + 13*j - 10. What are the prime factors of q(-14)?
2
Let j(k) = -3*k + 1. Let v be j(-1). Let i(r) = 3*r - 6. List the prime factors of i(v).
2, 3
Let x be 0 + 1 + 2 + -3. What are the prime factors of 2 - x - (1 + -10)?
11
What are the prime factors of (-3)/(54/(-1254)) + 1/3?
2, 5, 7
Let h(z) be the second derivative of z**5/20 - 3*z**4/4 + z**3/2 - 7*z. What are the prime factors of h(9)?
3
Let a(n) = n**3 + 5*n**2 + 3*n + 5. List the prime factors of a(-4).
3
Let b = 233 - 140. What are the prime factors of b?
3, 31
Suppose -2*q + 3 = -5*s - 0, 0 = 5*q + 5*s + 10. Let p = 12 + q. List the prime factors of p.
11
Suppose v = 4*m + 3*v - 300, 3*m - 3*v = 225. What are the prime factors of m?
3, 5
Let s(v) = -4*v + 3. Let h be s(-5). Suppose 2*o + 5 = -d, 2*d - 5*o = d + h. Suppose 4*p - d*x = -1, 5*x - 3*x - 6 = 0. List the prime factors of p.
2
Suppose -4*j + 5*j = 2. Suppose -k + 3 = -4*d, -d - 4 = -j*d. List the prime factors of k.
19
Let k = 22 + 10. What are the prime factors of k?
2
Suppose 3*a = 5*l + 2 - 0, -5*a - 4*l + 28 = 0. Let x(f) = a*f - 2*f - 10 + f. What are the prime factors of x(7)?
11
Let u(j) = 2*j**2 - 6*j + 9. Suppose 0 = 3*g + g + 2*w - 22, -2*g + 4*w = 4. What are the prime factors of u(g)?
17
Let v be ((-1)/3*0)/1. Let p(c) = 4*c - c**3 + 6*c**2 - 3*c + 10 - 5*c**2. List the prime factors of p(v).
2, 5
Let v = 1 + 1. Suppose -63 = -v*y - 15. Let i = y - 12. What are the prime factors of i?
2, 3
Suppo